ist the prime factors of r.
2, 397
Let r = -729 + 1936. Suppose -2*b - 4*m = -167 - r, -2*b + m = -1369. What are the prime factors of b?
5, 137
Let d(a) = a**3 - 5*a**2 + 5. Let y be d(5). Suppose -11*v + 17 = 17. Suppose y*m = m + u + 522, -2*m + 3*u + 266 = v. List the prime factors of m.
2, 5, 13
Suppose 7258 + 631 = 23*n. Let k = 511 - n. List the prime factors of k.
2, 3, 7
Let m be 16/((-24)/(-10) - 2). Let w(g) = -g - 1. Let c be w(-5). Suppose m = -c*j + 6*j. What are the prime factors of j?
2, 5
Suppose 3*z - 2*d - 2284 = -454, 0 = -3*z - d + 1839. Let u be (z/(-45))/((-2)/35). Suppose -3*q - 85 = -u. List the prime factors of q.
3, 17
Let o(a) = a**3 - 9*a**2 - 2*a + 21. Let w be o(9). Suppose 2*i = -i - w. Let z(y) = -153*y**3 - y**2 + 1. List the prime factors of z(i).
3, 17
Let q(r) = 533*r**2 - 71*r - 2. What are the prime factors of q(2)?
2, 7, 71
Let z be (6/(-7))/((-7)/196). Suppose -x = -3*v - 73, 2*x - 5*v - z - 118 = 0. Let d = 117 - x. List the prime factors of d.
2, 7
Let q(d) = 211*d**2 + 62*d + 335. What are the prime factors of q(-18)?
19, 3557
Suppose 78*v + 5*k = 75*v + 10975, 4*v = -5*k + 14640. What are the prime factors of v?
5, 733
Let a(t) = 16*t + 30. Let k(n) = -2 - 6*n - 12*n + 17*n. Let z(j) = 6*a(j) + 102*k(j). What are the prime factors of z(-5)?
2, 3
Let s(r) = -301*r + 2. Let g(u) = u. Let t(b) = -3*g(b) + s(b). What are the prime factors of t(-1)?
2, 3, 17
Suppose 0 = y - 5*f + 17, 0*f + 2*f + 46 = -2*y. Let n be -2 + (-6)/3 - (1 + y). What are the prime factors of 182 + (14 - n)/(-3 - 0)?
3, 61
Suppose -3*f - 2*w = w + 12, 3*f + 33 = 4*w. Let j(l) = -54*l - 43. What are the prime factors of j(f)?
5, 67
Let v(j) = j**3 + 0*j - 2*j - 574*j**2 + 3 + 2*j + 573*j**2. Let g be (0/3 - 1) + 4. What are the prime factors of v(g)?
3, 7
What are the prime factors of (715/(-1560) - 2/(-16))/(2/(-16842))?
7, 401
Let p be 0 + 2 - -2*2. Suppose 22 + 32 = -p*z. List the prime factors of 6/(-8) - z/((-36)/(-215)).
53
Let t = 33696 - 4492. List the prime factors of t.
2, 7, 149
Let h be 2/7 + (-132)/(-28). Suppose -h*i + 60 = -f, -i = -6*i - 3*f + 40. Suppose r + i = 20. List the prime factors of r.
3
Let z(v) = 385*v**2 - 52*v + 156. List the prime factors of z(6).
2, 3, 571
Let p be 7 + (1 + -2)/((-2)/(-6)). Suppose -148 = -f + 5*b - 14, -p*b = 3*f - 383. Let m = 107 + f. List the prime factors of m.
2, 59
Suppose -103555 = -33*a - 12409. Suppose -6*l = -4*l + 5*w - 1835, 3*l = 2*w + a. What are the prime factors of l?
2, 5, 23
Let v = -65548 + 93042. What are the prime factors of v?
2, 59, 233
Suppose 4*g = -4*w + 8*w + 3120, 2*g - 1550 = 4*w. Let j = 355 + g. List the prime factors of j.
2, 3, 5, 19
Let f(y) = 4*y + 15. Let t be f(11). Let p(j) = t - 59 - 25*j. List the prime factors of p(-1).
5
Let w be 2/(-6) + (-91)/(-3). Suppose -13*n + w = -15*n. List the prime factors of 52*3 - (n + 19).
2, 19
Let p be 0 + -6*(74/(-6) - -3). Suppose -2*y = -3*u + 28, 2*y + 4*u = 7*y + p. What are the prime factors of 16/5*3*(y + 18)?
2, 3
Let f(g) be the first derivative of 7 + 2/3*g**3 + g**2 + 0*g. What are the prime factors of f(7)?
2, 7
Let p(x) = -102*x - 131. Suppose 0 = -5*y, -r + 4*r = y - 12. What are the prime factors of p(r)?
277
Let d(y) = -192*y + 6. Let q be d(5). Let j = q + 1875. What are the prime factors of j?
3, 307
Let b(l) be the second derivative of -l**4/4 - 35*l**3/3 - 11*l**2/2 - 34*l. List the prime factors of b(-20).
3, 7
Let o(f) be the first derivative of -f**3/3 + 9*f**2/2 - 6*f - 24. What are the prime factors of o(3)?
2, 3
Suppose -79*k + 4730306 = 164*k - 52*k. List the prime factors of k.
2, 7, 29, 61
Suppose -85 = -3*g - g + 5*m, 2*m - 50 = -4*g. Let l be 2/(-5) + (-9)/g. List the prime factors of 4/l + -69*9/(-3).
7, 29
Let g(l) = l**2 + 15*l - 5. Let j be (-1 + -1)*(-154)/(-28). Let y be g(j). Let m = y + 66. What are the prime factors of m?
17
What are the prime factors of (-132231)/(-15) + (48/30)/(-4)?
5, 41, 43
Let n be (-27)/(-54) - (-11)/2. Let r(a) = 10*a**2 + 10*a - 49. List the prime factors of r(n).
7, 53
Suppose 60*k - 5 = 61*k, -4*t = 5*k - 49675. What are the prime factors of t?
5, 7, 71
Let p(l) = -63*l - 9. Let s = -58 + 63. Suppose s*b - 4*k + 6 = 0, 0 = b - 0*b - 4*k - 2. List the prime factors of p(b).
3, 13
Suppose -2*y + 49458 = -2*n, -7*y - 8*n + 173083 = -11*n. What are the prime factors of y?
2, 7, 883
Let h = -658 - -1134. Suppose -12*z = -h - 256. Let l = z + -26. List the prime factors of l.
5, 7
Suppose 4*k - 10790 = -3*q + 12300, 2*k - 11536 = -3*q. List the prime factors of k.
53, 109
Suppose 7*p = 3*p - 308. Let c = p - -81. Suppose -116 = -2*g - c*n, -3*n + 35 - 364 = -5*g. List the prime factors of g.
2
Let j = 14 - 1. Suppose 16*n = j*n + 57. Suppose -n*x + 23*x = 608. What are the prime factors of x?
2, 19
Suppose 3*i + 6353 = 3*o - 15007, 0 = i + 4. List the prime factors of o.
2, 3, 593
Let k(a) = 8866*a - 4705. What are the prime factors of k(6)?
48491
What are the prime factors of (-1142)/(-5 + (-945)/(-195))?
13, 571
Let j = -3937 - -4384. What are the prime factors of j?
3, 149
Let p be (-8)/((-16)/5)*(53 - 1). Let t = 198 - p. Let y = t + 60. List the prime factors of y.
2
Let j(f) = 12*f + 18. Let z be 104/(-5) + (20/(-25))/4. Let r be j(z). Let s = -156 - r. List the prime factors of s.
2, 3, 13
Let l(h) = -5*h**2 + 75*h**3 + 2*h + 35 + 3*h - 23*h**3 - 22*h**3 - 27*h**3. What are the prime factors of l(5)?
2, 5, 31
Let c(k) = -2 + 9 + 4*k + 6*k + 9*k. Let d be c(-2). Let i = -12 - d. List the prime factors of i.
19
Suppose -5*p + 38 = 18. Suppose 2*m - p*m + 312 = z, -5*z + 2*m + 1524 = 0. What are the prime factors of z?
2, 3, 17
Let t(a) = 5*a**3 - 4*a**2 + 2*a - 4. Let l be t(6). Let i = 2345 - l. What are the prime factors of i?
3, 467
Let a(z) = 2*z**2 - 23*z + 39. Let k be a(11). Let f(o) = -o**3 + 29*o**2 - 9*o - 62. What are the prime factors of f(k)?
2, 5, 47
Suppose 4*a = -4*y + 205996, -110*y + 114*y + 411968 = 8*a. What are the prime factors of a?
23, 2239
Let k(t) be the first derivative of 173*t**2 + 4*t + 6. Let g be k(1). Suppose o = 6*i - 2*i - g, 0 = 4*o + 8. List the prime factors of i.
3, 29
Suppose -97*z + 696761 = 206717. What are the prime factors of z?
2, 3, 421
Suppose 0 = -33*x + 28*x + 15. Suppose x*o = 120 + 507. What are the prime factors of o?
11, 19
Suppose 8566 = 5*k - 2*p, 21*k - 8545 = 16*k - 5*p. Suppose -8*n + 5*n + k = 2*z, n = 2. What are the prime factors of z?
853
List the prime factors of -26 + (-2275909)/(-136) + 6/16.
7, 11, 31
Suppose 9*m - 4*m = 10. Suppose -5*r - f + 4*f + 279 = 0, -6 = m*f. Suppose 2*t + 132 + 111 = 5*n, 5*t - r = -n. What are the prime factors of n?
7
Suppose 0 = 2*w + 2*q - 8, -q + 7 = 2*w + 2*q. Let c = 23 + -21. Suppose c*x + 0*p - 151 = 5*p, -w*x - 5*p + 430 = 0. What are the prime factors of x?
83
Let m be (-2 + 4 - 3) + (14 - 8). Suppose w - 82 = 3*b, -m*b + 4*b - 149 = -2*w. List the prime factors of w.
73
Let z(q) = q**2 + 10*q + 11. Let d = 121 - -11. Let a be -1*2*d/24. List the prime factors of z(a).
2, 11
Suppose -2*s + 3*y = -63854, 31381 = s - 3*y - 534. What are the prime factors of s?
19, 41
Let w = 15645 - 5789. What are the prime factors of w?
2, 7, 11
Suppose -25*p + 47*p = 251834. List the prime factors of p.
11447
Suppose -v = 5*u - 1516, -5*u - 3298 = -4*v + 2766. What are the prime factors of v?
2, 379
Let y(u) = u**2 + 19*u - 4. Let s be y(-16). Suppose 0 = 11*n + 41 + 806. Let r = s - n. What are the prime factors of r?
5
Let q = 304 - 349. List the prime factors of (-19422)/q - 10/(-25).
2, 3
Let n(c) = -c - 106. Let h(q) be the second derivative of -q**3/3 - 106*q**2 - 23*q. Let t(m) = -6*h(m) + 11*n(m). What are the prime factors of t(0)?
2, 53
Suppose -966 = -0*x - 3*x. Suppose 2*g - x = 38. Suppose 5*d - g = 290. What are the prime factors of d?
2, 47
Let o(p) = -2*p**2 - 29*p - 53. Let y be o(-12). Let b(m) be the first derivative of -m**3/3 + 13*m**2/2 + 9*m + 1. List the prime factors of b(y).
3, 17
Suppose -j + 5231 = -1713. What are the prime factors of j?
2, 7, 31
Suppose 51*a - 31413 - 252301 = 14279. What are the prime factors of a?
5843
Let i(a) = 2*a - 54. Let q be (-1)/(4/(-118 - -2)). Let s be i(q). Suppose 2*l - 2*j = l + 40, s*j = 5*l 